[INFO] cloning repository https://github.com/lanice/game_of_rust
[INFO] running `Command { std: "git" "-c" "credential.helper=" "-c" "credential.helper=/workspace/cargo-home/bin/git-credential-null" "clone" "--bare" "https://github.com/lanice/game_of_rust" "/workspace/cache/git-repos/https%3A%2F%2Fgithub.com%2Flanice%2Fgame_of_rust", kill_on_drop: false }`
[INFO] [stderr] Cloning into bare repository '/workspace/cache/git-repos/https%3A%2F%2Fgithub.com%2Flanice%2Fgame_of_rust'...
[INFO] running `Command { std: "git" "rev-parse" "HEAD", kill_on_drop: false }`
[INFO] [stdout] 2d346ad6c7ef84998786ace0dcbe8a0a4fff3976
[INFO] checking lanice/game_of_rust against master#af3c6e733a40e671550e0f0f5aeecaa13772ba56 for pr-74989
[INFO] running `Command { std: "git" "clone" "/workspace/cache/git-repos/https%3A%2F%2Fgithub.com%2Flanice%2Fgame_of_rust" "/workspace/builds/worker-2/source", kill_on_drop: false }`
[INFO] [stderr] Cloning into '/workspace/builds/worker-2/source'...
[INFO] [stderr] done.
[INFO] validating manifest of git repo https://github.com/lanice/game_of_rust on toolchain af3c6e733a40e671550e0f0f5aeecaa13772ba56
[INFO] running `Command { std: "/workspace/cargo-home/bin/cargo" "+af3c6e733a40e671550e0f0f5aeecaa13772ba56" "read-manifest" "--manifest-path" "Cargo.toml", kill_on_drop: false }`
[INFO] started tweaking git repo https://github.com/lanice/game_of_rust
[INFO] finished tweaking git repo https://github.com/lanice/game_of_rust
[INFO] tweaked toml for git repo https://github.com/lanice/game_of_rust written to /workspace/builds/worker-2/source/Cargo.toml
[INFO] crate git repo https://github.com/lanice/game_of_rust already has a lockfile, it will not be regenerated
[INFO] running `Command { std: "/workspace/cargo-home/bin/cargo" "+af3c6e733a40e671550e0f0f5aeecaa13772ba56" "fetch" "--locked" "--manifest-path" "Cargo.toml", kill_on_drop: false }`
[INFO] [stderr] error: the lock file /workspace/builds/worker-2/source/Cargo.lock needs to be updated but --locked was passed to prevent this
[INFO] [stderr] If you want to try to generate the lock file without accessing the network, use the --offline flag.
[INFO] the lockfile is outdated, regenerating it
[INFO] running `Command { std: "/workspace/cargo-home/bin/cargo" "+af3c6e733a40e671550e0f0f5aeecaa13772ba56" "generate-lockfile" "--manifest-path" "Cargo.toml" "-Zno-index-update", kill_on_drop: false }`
[INFO] [stderr]     Blocking waiting for file lock on package cache
[INFO] running `Command { std: "/workspace/cargo-home/bin/cargo" "+af3c6e733a40e671550e0f0f5aeecaa13772ba56" "fetch" "--locked" "--manifest-path" "Cargo.toml", kill_on_drop: false }`
[INFO] [stderr]     Blocking waiting for file lock on package cache
[INFO] running `Command { std: "docker" "create" "-v" "/var/lib/crater-agent-workspace/builds/worker-2/target:/opt/rustwide/target:rw,Z" "-v" "/var/lib/crater-agent-workspace/builds/worker-2/source:/opt/rustwide/workdir:ro,Z" "-v" "/var/lib/crater-agent-workspace/cargo-home:/opt/rustwide/cargo-home:ro,Z" "-v" "/var/lib/crater-agent-workspace/rustup-home:/opt/rustwide/rustup-home:ro,Z" "-e" "SOURCE_DIR=/opt/rustwide/workdir" "-e" "CARGO_TARGET_DIR=/opt/rustwide/target" "-e" "CARGO_HOME=/opt/rustwide/cargo-home" "-e" "RUSTUP_HOME=/opt/rustwide/rustup-home" "-w" "/opt/rustwide/workdir" "-m" "1610612736" "--user" "0:0" "--network" "none" "rustops/crates-build-env@sha256:d92eaeed33fa75130ca1ee6c8a01d1ffb62bac859dfdfb3450e3e5d1c0146529" "/opt/rustwide/cargo-home/bin/cargo" "+af3c6e733a40e671550e0f0f5aeecaa13772ba56" "metadata" "--no-deps" "--format-version=1", kill_on_drop: false }`
[INFO] [stdout] 3ceb5ca942e51623de1ec446f174c48dda3d3aa730617b55b4df49e646a55c3e
[INFO] [stderr] WARNING: Your kernel does not support swap limit capabilities or the cgroup is not mounted. Memory limited without swap.
[INFO] running `Command { std: "docker" "start" "-a" "3ceb5ca942e51623de1ec446f174c48dda3d3aa730617b55b4df49e646a55c3e", kill_on_drop: false }`
[INFO] running `Command { std: "docker" "inspect" "3ceb5ca942e51623de1ec446f174c48dda3d3aa730617b55b4df49e646a55c3e", kill_on_drop: false }`
[INFO] running `Command { std: "docker" "rm" "-f" "3ceb5ca942e51623de1ec446f174c48dda3d3aa730617b55b4df49e646a55c3e", kill_on_drop: false }`
[INFO] [stdout] 3ceb5ca942e51623de1ec446f174c48dda3d3aa730617b55b4df49e646a55c3e
[INFO] running `Command { std: "docker" "create" "-v" "/var/lib/crater-agent-workspace/builds/worker-2/target:/opt/rustwide/target:rw,Z" "-v" "/var/lib/crater-agent-workspace/builds/worker-2/source:/opt/rustwide/workdir:ro,Z" "-v" "/var/lib/crater-agent-workspace/cargo-home:/opt/rustwide/cargo-home:ro,Z" "-v" "/var/lib/crater-agent-workspace/rustup-home:/opt/rustwide/rustup-home:ro,Z" "-e" "SOURCE_DIR=/opt/rustwide/workdir" "-e" "CARGO_TARGET_DIR=/opt/rustwide/target" "-e" "CARGO_INCREMENTAL=0" "-e" "RUST_BACKTRACE=full" "-e" "RUSTFLAGS=--cap-lints=forbid" "-e" "CARGO_HOME=/opt/rustwide/cargo-home" "-e" "RUSTUP_HOME=/opt/rustwide/rustup-home" "-w" "/opt/rustwide/workdir" "-m" "1610612736" "--user" "0:0" "--network" "none" "rustops/crates-build-env@sha256:d92eaeed33fa75130ca1ee6c8a01d1ffb62bac859dfdfb3450e3e5d1c0146529" "/opt/rustwide/cargo-home/bin/cargo" "+af3c6e733a40e671550e0f0f5aeecaa13772ba56" "check" "--frozen" "--all" "--all-targets" "--message-format=json", kill_on_drop: false }`
[INFO] [stdout] 95925b55c70994e9a7fbf181fa75dc778930b5acdcbefef1c056cd307a01f970
[INFO] [stderr] WARNING: Your kernel does not support swap limit capabilities or the cgroup is not mounted. Memory limited without swap.
[INFO] running `Command { std: "docker" "start" "-a" "95925b55c70994e9a7fbf181fa75dc778930b5acdcbefef1c056cd307a01f970", kill_on_drop: false }`
[INFO] [stderr]    Compiling log v0.4.11
[INFO] [stderr]     Checking cfg-if v0.1.10
[INFO] [stderr]    Compiling unicode-xid v0.1.0
[INFO] [stderr]    Compiling khronos_api v3.1.0
[INFO] [stderr]     Checking lazy_static v1.4.0
[INFO] [stderr]     Checking slab v0.4.2
[INFO] [stderr]     Checking xml-rs v0.8.3
[INFO] [stderr]     Checking percent-encoding v2.1.0
[INFO] [stderr]     Checking instant v0.1.6
[INFO] [stderr]     Checking gimli v0.22.0
[INFO] [stderr]     Checking adler v0.2.3
[INFO] [stderr]     Checking object v0.20.0
[INFO] [stderr]     Checking rustc-demangle v0.1.16
[INFO] [stderr]    Compiling num-traits v0.2.12
[INFO] [stderr]    Compiling miniz_oxide v0.4.2
[INFO] [stderr]    Compiling memoffset v0.5.5
[INFO] [stderr]    Compiling libloading v0.5.2
[INFO] [stderr]     Checking lock_api v0.3.4
[INFO] [stderr]     Checking libloading v0.6.3
[INFO] [stderr]    Compiling proc-macro2 v0.4.30
[INFO] [stderr]     Checking net2 v0.2.35
[INFO] [stderr]     Checking memmap v0.7.0
[INFO] [stderr]     Checking parking_lot_core v0.7.2
[INFO] [stderr]     Checking raw-window-handle v0.3.3
[INFO] [stderr]     Checking stb_truetype v0.3.1
[INFO] [stderr]     Checking shared_library v0.1.9
[INFO] [stderr]     Checking x11-dl v2.18.5
[INFO] [stderr]     Checking nix v0.14.1
[INFO] [stderr]     Checking dlib v0.4.2
[INFO] [stderr]     Checking parking_lot v0.10.2
[INFO] [stderr]     Checking osmesa-sys v0.1.2
[INFO] [stderr]     Checking wayland-sys v0.23.6
[INFO] [stderr]     Checking mio v0.6.22
[INFO] [stderr]    Compiling gl_generator v0.14.0
[INFO] [stderr]    Compiling quote v0.6.13
[INFO] [stderr]    Compiling wayland-scanner v0.23.6
[INFO] [stderr]     Checking mio-extras v2.0.6
[INFO] [stderr]     Checking ordered-float v1.1.0
[INFO] [stderr]     Checking approx v0.3.2
[INFO] [stderr]     Checking line_drawing v0.7.0
[INFO] [stderr]     Checking rusttype v0.8.3
[INFO] [stderr]    Compiling glutin_egl_sys v0.1.5
[INFO] [stderr]    Compiling glutin_glx_sys v0.1.7
[INFO] [stderr]    Compiling glium v0.27.0
[INFO] [stderr]     Checking rusttype v0.7.9
[INFO] [stderr]     Checking andrew v0.2.1
[INFO] [stderr]     Checking addr2line v0.13.0
[INFO] [stderr]    Compiling wayland-client v0.23.6
[INFO] [stderr]    Compiling wayland-protocols v0.23.6
[INFO] [stderr]     Checking backtrace v0.3.50
[INFO] [stderr]     Checking calloop v0.4.4
[INFO] [stderr]     Checking wayland-commons v0.23.6
[INFO] [stderr]     Checking smithay-client-toolkit v0.6.6
[INFO] [stderr]     Checking winit v0.22.2
[INFO] [stderr]     Checking glutin v0.24.1
[INFO] [stderr]     Checking game_of_rust v0.1.0 (/opt/rustwide/workdir)
[INFO] [stdout] error[E0432]: unresolved import `glium::DisplayBuild`
[INFO] [stdout]   --> src/main.rs:12:13
[INFO] [stdout]    |
[INFO] [stdout] 12 | use glium::{DisplayBuild, Surface};
[INFO] [stdout]    |             ^^^^^^^^^^^^ no `DisplayBuild` in the root
[INFO] [stdout] 
[INFO] [stdout] 
[INFO] [stdout] error[E0433]: failed to resolve: could not find `Event` in `glutin`
[INFO] [stdout]    --> src/main.rs:241:32
[INFO] [stdout]     |
[INFO] [stdout] 241 |                 glium::glutin::Event::Closed => return,
[INFO] [stdout]     |                                ^^^^^ could not find `Event` in `glutin`
[INFO] [stdout] 
[INFO] [stdout] 
[INFO] [stdout] error[E0433]: failed to resolve: could not find `Event` in `glutin`
[INFO] [stdout]    --> src/main.rs:242:32
[INFO] [stdout]     |
[INFO] [stdout] 242 | ...   glium::glutin::Event::KeyboardInput(glium::glutin::ElementState::Released, _, Some(glium::glutin::VirtualKeyCode::Escape)) => return,
[INFO] [stdout]     |                      ^^^^^ could not find `Event` in `glutin`
[INFO] [stdout] 
[INFO] [stdout] 
[INFO] [stdout] error[E0433]: failed to resolve: could not find `ElementState` in `glutin`
[INFO] [stdout]    --> src/main.rs:242:68
[INFO] [stdout]     |
[INFO] [stdout] 242 | ...   glium::glutin::Event::KeyboardInput(glium::glutin::ElementState::Released, _, Some(glium::glutin::VirtualKeyCode::Escape)) => return,
[INFO] [stdout]     |                                                          ^^^^^^^^^^^^ could not find `ElementState` in `glutin`
[INFO] [stdout] 
[INFO] [stdout] 
[INFO] [stdout] error[E0433]: failed to resolve: could not find `VirtualKeyCode` in `glutin`
[INFO] [stdout]    --> src/main.rs:242:115
[INFO] [stdout]     |
[INFO] [stdout] 242 | ...ate::Released, _, Some(glium::glutin::VirtualKeyCode::Escape)) => return,
[INFO] [stdout]     |                                          ^^^^^^^^^^^^^^ could not find `VirtualKeyCode` in `glutin`
[INFO] [stdout] 
[INFO] [stdout] 
[INFO] [stdout] error[E0425]: cannot find function `get_primary_monitor` in crate `glium::glutin`
[INFO] [stdout]    --> src/main.rs:179:58
[INFO] [stdout]     |
[INFO] [stdout] 179 |     let (monitor_width, monitor_height) = glium::glutin::get_primary_monitor().get_dimensions();
[INFO] [stdout]     |                                                          ^^^^^^^^^^^^^^^^^^^ not found in `glium::glutin`
[INFO] [stdout] 
[INFO] [stdout] 
[INFO] [stdout] error[E0433]: failed to resolve: could not find `WindowBuilder` in `glutin`
[INFO] [stdout]    --> src/main.rs:180:34
[INFO] [stdout]     |
[INFO] [stdout] 180 |     let display = glium::glutin::WindowBuilder::new().with_dimensions(monitor_width, monitor_height).build_glium().unwrap();
[INFO] [stdout]     |                                  ^^^^^^^^^^^^^ not found in `glium::glutin`
[INFO] [stdout]     |
[INFO] [stdout] help: consider importing this struct
[INFO] [stdout]     |
[INFO] [stdout] 6   | use glium::glutin::window::WindowBuilder;
[INFO] [stdout]     |
[INFO] [stdout] 
[INFO] [stdout] 
[INFO] [stdout] warning: unnecessary parentheses around type
[INFO] [stdout]   --> src/main.rs:27:18
[INFO] [stdout]    |
[INFO] [stdout] 27 | fn geometry() -> (Vec<Vertex>) {
[INFO] [stdout]    |                  ^^^^^^^^^^^^^ help: remove these parentheses
[INFO] [stdout]    |
[INFO] [stdout]    = note: `#[warn(unused_parens)]` on by default
[INFO] [stdout] 
[INFO] [stdout] 
[INFO] [stdout] error[E0432]: unresolved import `glium::DisplayBuild`
[INFO] [stdout]   --> src/main.rs:12:13
[INFO] [stdout]    |
[INFO] [stdout] 12 | use glium::{DisplayBuild, Surface};
[INFO] [stdout]    |             ^^^^^^^^^^^^ no `DisplayBuild` in the root
[INFO] [stdout] 
[INFO] [stdout] 
[INFO] [stdout] error[E0433]: failed to resolve: could not find `Event` in `glutin`
[INFO] [stdout]    --> src/main.rs:241:32
[INFO] [stdout]     |
[INFO] [stdout] 241 |                 glium::glutin::Event::Closed => return,
[INFO] [stdout]     |                                ^^^^^ could not find `Event` in `glutin`
[INFO] [stdout] 
[INFO] [stdout] 
[INFO] [stdout] error[E0433]: failed to resolve: could not find `Event` in `glutin`
[INFO] [stdout]    --> src/main.rs:242:32
[INFO] [stdout]     |
[INFO] [stdout] 242 | ...   glium::glutin::Event::KeyboardInput(glium::glutin::ElementState::Released, _, Some(glium::glutin::VirtualKeyCode::Escape)) => return,
[INFO] [stdout]     |                      ^^^^^ could not find `Event` in `glutin`
[INFO] [stdout] 
[INFO] [stdout] 
[INFO] [stdout] error[E0433]: failed to resolve: could not find `ElementState` in `glutin`
[INFO] [stdout]    --> src/main.rs:242:68
[INFO] [stdout]     |
[INFO] [stdout] 242 | ...   glium::glutin::Event::KeyboardInput(glium::glutin::ElementState::Released, _, Some(glium::glutin::VirtualKeyCode::Escape)) => return,
[INFO] [stdout]     |                                                          ^^^^^^^^^^^^ could not find `ElementState` in `glutin`
[INFO] [stdout] 
[INFO] [stdout] 
[INFO] [stdout] error[E0433]: failed to resolve: could not find `VirtualKeyCode` in `glutin`
[INFO] [stdout]    --> src/main.rs:242:115
[INFO] [stdout]     |
[INFO] [stdout] 242 | ...ate::Released, _, Some(glium::glutin::VirtualKeyCode::Escape)) => return,
[INFO] [stdout]     |                                          ^^^^^^^^^^^^^^ could not find `VirtualKeyCode` in `glutin`
[INFO] [stdout] 
[INFO] [stdout] 
[INFO] [stdout] error[E0425]: cannot find function `get_primary_monitor` in crate `glium::glutin`
[INFO] [stdout]    --> src/main.rs:179:58
[INFO] [stdout]     |
[INFO] [stdout] 179 |     let (monitor_width, monitor_height) = glium::glutin::get_primary_monitor().get_dimensions();
[INFO] [stdout]     |                                                          ^^^^^^^^^^^^^^^^^^^ not found in `glium::glutin`
[INFO] [stdout] 
[INFO] [stdout] 
[INFO] [stdout] error[E0433]: failed to resolve: could not find `WindowBuilder` in `glutin`
[INFO] [stdout]    --> src/main.rs:180:34
[INFO] [stdout]     |
[INFO] [stdout] 180 |     let display = glium::glutin::WindowBuilder::new().with_dimensions(monitor_width, monitor_height).build_glium().unwrap();
[INFO] [stdout]     |                                  ^^^^^^^^^^^^^ not found in `glium::glutin`
[INFO] [stdout]     |
[INFO] [stdout] help: consider importing this struct
[INFO] [stdout]     |
[INFO] [stdout] 6   | use glium::glutin::window::WindowBuilder;
[INFO] [stdout]     |
[INFO] [stdout] 
[INFO] [stdout] 
[INFO] [stdout] warning: unnecessary parentheses around type
[INFO] [stdout]   --> src/main.rs:27:18
[INFO] [stdout]    |
[INFO] [stdout] 27 | fn geometry() -> (Vec<Vertex>) {
[INFO] [stdout]    |                  ^^^^^^^^^^^^^ help: remove these parentheses
[INFO] [stdout]    |
[INFO] [stdout]    = note: `#[warn(unused_parens)]` on by default
[INFO] [stdout] 
[INFO] [stdout] 
[INFO] [stdout] warning: unused import: `Surface`
[INFO] [stdout]   --> src/main.rs:12:27
[INFO] [stdout]    |
[INFO] [stdout] 12 | use glium::{DisplayBuild, Surface};
[INFO] [stdout]    |                           ^^^^^^^
[INFO] [stdout]    |
[INFO] [stdout]    = note: `#[warn(unused_imports)]` on by default
[INFO] [stdout] 
[INFO] [stdout] 
[INFO] [stdout] error: aborting due to 7 previous errors; 2 warnings emitted
[INFO] [stdout] 
[INFO] [stdout] 
[INFO] [stdout] Some errors have detailed explanations: E0425, E0432, E0433.
[INFO] [stdout] 
[INFO] [stdout] For more information about an error, try `rustc --explain E0425`.
[INFO] [stdout] 
[INFO] [stderr] error: could not compile `game_of_rust`.
[INFO] [stderr] 
[INFO] [stderr] To learn more, run the command again with --verbose.
[INFO] [stderr] warning: build failed, waiting for other jobs to finish...
[INFO] [stdout] warning: unused import: `Surface`
[INFO] [stdout]   --> src/main.rs:12:27
[INFO] [stdout]    |
[INFO] [stdout] 12 | use glium::{DisplayBuild, Surface};
[INFO] [stdout]    |                           ^^^^^^^
[INFO] [stdout]    |
[INFO] [stdout]    = note: `#[warn(unused_imports)]` on by default
[INFO] [stdout] 
[INFO] [stdout] 
[INFO] [stdout] error: aborting due to 7 previous errors; 2 warnings emitted
[INFO] [stdout] 
[INFO] [stdout] 
[INFO] [stdout] Some errors have detailed explanations: E0425, E0432, E0433.
[INFO] [stdout] 
[INFO] [stdout] For more information about an error, try `rustc --explain E0425`.
[INFO] [stdout] 
[INFO] [stderr] error: build failed
[INFO] running `Command { std: "docker" "inspect" "95925b55c70994e9a7fbf181fa75dc778930b5acdcbefef1c056cd307a01f970", kill_on_drop: false }`
[INFO] running `Command { std: "docker" "rm" "-f" "95925b55c70994e9a7fbf181fa75dc778930b5acdcbefef1c056cd307a01f970", kill_on_drop: false }`
[INFO] [stdout] 95925b55c70994e9a7fbf181fa75dc778930b5acdcbefef1c056cd307a01f970
